 the tens digit of c(-17)?
5
Let g(b) = 7086*b**2 + 50*b - 3. What is the units digit of g(-2)?
1
Suppose -t + 2*z = 310, -5*t + 2*z - 1230 = 288. Suppose b = 4, -4*p + 4*b + 337 = 977. Let u = p - t. What is the hundreds digit of u?
1
Let f = -4959 - -7295. What is the units digit of f?
6
Suppose -q - 5 = 0, -5*x - 3*q = -q. Let s(l) = 319*l - 21. What is the units digit of s(x)?
7
Suppose 5*l + 5 = 5. Suppose -5*u - 1 = -16. Suppose l = 6*n - u*n - 246. What is the units digit of n?
2
Let i = 10991 + 716. What is the tens digit of i?
0
What is the thousands digit of (-15)/((-105)/14) + 597*(-1 + 38)?
2
Let x(q) be the first derivative of 53*q**4/12 - 5*q**3/6 + 13*q**2/2 + 29*q + 37. Let l(n) be the first derivative of x(n). What is the hundreds digit of l(2)?
2
Let p = -125 + 56. Let t = p + -25. What is the tens digit of -4*(t/4 - 1)?
9
Let s(v) = -2*v - 2. Let j be s(0). Let q be j/(4/(-18)*1). Let o = 57 + q. What is the units digit of o?
6
Let v(a) = 1120*a + 2205. What is the tens digit of v(10)?
0
Let g(s) = -s**3 + 56*s**2 - 278*s + 300. What is the tens digit of g(41)?
1
Suppose -154273 = -91*b + 601300. What is the hundreds digit of b?
3
Suppose 0 = 28*y - 86585 - 157043. What is the units digit of y?
1
Suppose -262*i - 349730 = -4433798 + 265156. What is the units digit of i?
6
Suppose -78 = -5*f - 0*f + 4*a, 2*f = -2*a + 24. What is the units digit of 307 - ((-52)/f - 36/126)?
1
Let n(p) = -4*p**3 - 283*p**2 + 19*p - 122. What is the tens digit of n(-73)?
5
Suppose -4*y = -4*j + 18934 + 31106, -5*j + 62523 = -2*y. What is the ten thousands digit of j?
1
What is the thousands digit of ((-35)/5)/((-35)/53305)?
0
What is the hundreds digit of 1480248/374 - (-9)/((-765)/(-10))?
9
Let f(c) = c**2 + 9*c + 8. Suppose 4*n + 21 - 1 = 0. Let y be f(n). Let l = y + 26. What is the units digit of l?
4
Let n be (-4*5/(-10))/1. Let x be (20/5 + -88)/(n/(-3)). Suppose -2*m - x = -5*m. What is the tens digit of m?
4
Let c = -50 - -54. Suppose -2 = -m + c. Let k = 36 - m. What is the units digit of k?
0
Suppose 0 = 23*v + 8516 - 40670. Suppose 7*l - v = 387. What is the units digit of l?
5
Suppose h + 200867 = 5*f, 115201 + 45497 = 4*f - 3*h. What is the units digit of f?
3
Suppose -3*v + 4281 = -10*i + 13*i, 3*i - v = 4265. Let z = 2683 - i. What is the units digit of z?
0
Let m(t) be the second derivative of t**5/20 - t**4/6 - 3*t**3/2 - 4*t**2 + 23*t + 1. Suppose -7*q + 17 = -18. What is the units digit of m(q)?
2
Let i = -26 + 28. Suppose 704 = -i*z + 10*z. Suppose 4*d - z = 4. What is the tens digit of d?
2
Suppose -r + 6 = 0, -19*c - 132498 = -23*c + 5*r. What is the tens digit of c?
3
Suppose 2*l = -j + 9, 5*j - j - 3*l + 19 = 0. Let o be ((4 - 4) + -2)*-1 - j. Suppose -o*y + 155 + 442 = 0. What is the tens digit of y?
9
Suppose -5*w = d - 345, 4*d - 6*w = -2*w + 1380. Suppose -10*f + d = -15*f. Let z = -64 - f. What is the units digit of z?
5
Let c = -299 + 297. What is the hundreds digit of 1798/62*(9 + 0 + c)?
2
Let b = -17 + 19. Suppose g + 1668 = 3*t + b*g, 0 = 2*t - g - 1117. Suppose -4*s = -19 - t. What is the units digit of s?
4
Let y(k) = 16*k**2 + 58*k - 92. What is the thousands digit of y(-17)?
3
Let q be (-88)/(-16) + (-2)/(-4). Let r(p) be the third derivative of p**4/2 - 10*p**3/3 + 31*p**2. What is the units digit of r(q)?
2
Suppose -4*s - 3*s = -4*s. Suppose 4*p - 5*h - 16 = -1, -p - 5*h + 10 = s. Suppose 320 = p*g - g. What is the tens digit of g?
8
Let r(p) = p + 18. Let b be r(-14). Suppose -346 = -d + l, -b*l = -8*l. What is the hundreds digit of d?
3
Suppose 61*y - 132*y = -4809185. What is the tens digit of y?
3
Let i be (-1)/(4/304*-2*2). Suppose 5*b = -3*q + 3200, -i = 5*q + 6. What is the units digit of b?
3
Suppose 2*v + 8 = 4*v. Suppose -12 = -q + v*a, -3*q = -4*a - a - 22. Suppose -4*j + 5*z = -788, -290 - 474 = -q*j - z. What is the units digit of j?
2
What is the units digit of ((5 + -3)/2)/((-16)/(-91664))?
9
Let l be 4 + -4 - 4/2*-2. Suppose f = a - 319, 0 = -4*a - 9*f + l*f + 1294. Suppose -5*w + 2*z + 324 = 0, -3*w + a = 2*w - 3*z. What is the tens digit of w?
6
What is the units digit of (-36)/(-684) - 675216/(-114)?
3
Suppose 0 = -183*m + m + 3859310. What is the tens digit of m?
0
What is the tens digit of (-2)/6 + (-1182336)/(-288)?
0
Suppose 2*i = s - 433, -3*s + s + 5*i = -866. Suppose 2*c - 667 = s. What is the units digit of c?
0
Let p = 855 + -701. Let n = -15 + 26. What is the units digit of (-28)/p + 1124/n?
2
Suppose -3*v - 123 = -132. Suppose -176 = -v*f + r + 1729, -4*f - 5*r + 2559 = 0. What is the hundreds digit of f?
6
Let r(y) = y**3 - y**2 - 34*y + 3905. What is the thousands digit of r(0)?
3
Suppose -23*a + 28*a = 3*s + 160, -5*a = 3*s + 200. What is the thousands digit of (405/s)/27 - (-13346)/8?
1
Suppose 0 = -s + 1, 227*a - 132304 = 222*a + s. What is the units digit of a?
1
Let r = 7393 - -3215. What is the thousands digit of r?
0
Let w(o) = -6*o - 42. Let t be w(-8). Let g(n) = 2*n**3 + 9*n**2 - 22*n - 1. What is the tens digit of g(t)?
2
Let i(u) = 10495*u**2 + 11*u - 19. What is the tens digit of i(2)?
8
Let x = -7431 - -28318. What is the units digit of x?
7
Suppose 0 = 711*n - 723*n + 91584. What is the thousands digit of n?
7
Let y = -293 + 295. Suppose 2*m - 2*h = -3*h + 972, y*m = -5*h + 964. What is the tens digit of m?
8
Let s(y) = -y**2 + 10 - 6 + 9 + 19*y. Let v be -7 - (-12 + 0 - (-59 - -64)). What is the hundreds digit of s(v)?
1
Let n = 59854 - 29890. What is the units digit of n?
4
Let o = 1 - -3. Suppose 0 = -o*j + 5 + 7, 2*r - 27 = -j. What is the tens digit of r?
1
Let k(h) = 0*h - 3 - h + 11 + 6. Let n be k(7). Suppose q = n*q - 1404. What is the hundreds digit of q?
2
Let y(d) be the first derivative of 2*d**3/3 + 11*d**2 + 2*d + 151. Let l be -1*(-5)/(10/(-36)). What is the hundreds digit of y(l)?
2
Let k = 18285 - 7361. What is the ten thousands digit of k?
1
Let d(f) be the first derivative of 11*f**2 - 3*f + 1. Suppose 5*w = 2*k + 6, -w - 10*k - 6 = -14*k. What is the units digit of d(w)?
1
Suppose -33906 = -3*m - 3*p, m - 2*p - 4510 = 6804. What is the thousands digit of m?
1
Suppose 1177341 = 34*z - 763651. What is the units digit of z?
8
Let a(b) = -3*b**3 - 3*b**2 - b + 6. Let z be a(-2). Let c(v) = 15*v**2 - 17 + 26 - 15 + z*v**2. What is the hundreds digit of c(2)?
1
Suppose 0 = d - 6*d - 2*i + 275597, i = -4*d + 220480. What is the ten thousands digit of d?
5
Let f(i) = i**3 + 8*i**2 + 13*i. Let j be f(-6). Let n be -1*1*(143 + j). Let r = n + 267. What is the units digit of r?
0
Let t(d) = -2*d**3 + 50*d**2 + 10*d + 25. What is the thousands digit of t(-8)?
4
Let y = 133641 + -76800. What is the tens digit of y?
4
What is the thousands digit of (17788/2 - 14) + 14?
8
Suppose 4*w = 4 - 20. Let m = 191 - 193. What is the units digit of ((-38)/w)/(m/(-4))?
9
What is the units digit of 14/35 - 0 - 154014/(-15)?
8
Let m(i) = -104*i**3 + 7*i**2 + 4*i. Let p(k) = -209*k**3 + 12*k**2 + 7*k. Let w(y) = -5*m(y) + 3*p(y). What is the units digit of w(-1)?
7
Let o(x) be the first derivative of -x**3/3 + 23*x**2/2 + 42*x - 26. What is the units digit of o(23)?
2
Let y be 22986/4*3/18*4. Suppose -5025 = -24*r + y. What is the tens digit of r?
6
Let a = 59 + -52. Suppose 0 = -11*z + a*z + 4*n + 4604, 2*z + 2*n = 2298. What is the units digit of (3*z/15)/2?
5
Let y(o) = 70*o**2 + 109*o + 29. What is the ten thousands digit of y(-18)?
2
Suppose -t - 1161 = 4*f, 3*t + 2*t = -5*f - 5730. Let j = 2401 + t. What is the thousands digit of j?
1
Suppose 0 = -7*d + 418 + 93. Let n = -74 + d. What is the tens digit of (-940)/(-6) + 28/21 + n?
5
Let i = 47935 + -27776. What is the hundreds digit of i?
1
What is the ten thousands digit of 4063044/70 + 4/(-20) - 2/7?
5
Let a(s) = 33*s - 65. Let u be a(9). Suppose -2*o - u = -636. What is the tens digit of o?
0
Let p = -157 - -160. Suppose -p*t + 1665 = -399. What is the hundreds digit of t?
6
Let d(h) = -6*h. Let p(l) = 4*l**2 + 31*l - 7. Let c be p(-8). Let y be d(c). What is the hundreds digit of (-8 - 5584/(-24)) + (-2)/y?
2
Suppose -186240 = -68*g + 20*g. Suppose 51*v = 47*v + g. What is the hundreds digit of v?
9
Suppose 23 = -m - 3*k, -27 = -0*m + m + 5*k. Let s = m + 66. Suppose 0 = -5*v - 5, 0 = -0*h - h + v + s. W